is the remainder when 11 is divided by o?
2
Suppose 0 = 6*p - 4*p - 4. Calculate the remainder when 17 is divided by 130/15 - p/(-6).
8
Suppose 5*x = 4*p + 39, x - 5*p = -7 - 2. What is the remainder when 21 is divided by x?
10
Calculate the remainder when (-2)/1*(-209)/22 is divided by 7.
5
Let b(y) = y**3 + 5*y**2 - 15*y - 11. Calculate the remainder when 171 is divided by b(-6).
42
Suppose a - 4*x - 14 = 0, 2*a - 4*x = x + 13. Let n(h) = 2*h**2 - 10*h + 9. Calculate the remainder when (-4)/2*183/a is divided by n(6).
19
Suppose 3*x - 2*u - 48 = 2*u, -16 = -x - 4*u. What is the remainder when 45 is divided by x?
13
Let n be 0 + 3/((-3)/(-14)). Suppose 4*f + 2*v = 54, -2*v - 4 = -2*f + n. Suppose -f = -2*o + 14. Calculate the remainder when o is divided by 7.
6
Let h(f) = -f + 19. Let z(w) = -w + 21. Let k be z(0). Suppose -2*r + k = 1. What is the remainder when h(0) is divided by r?
9
Suppose 149 - 525 = -8*u. What is the remainder when u is divided by 10?
7
Suppose 0 = -4*i - 8 + 52. Suppose 3*z = -4*b + 64, 4*z - 107 = 3*b - 4*b. Suppose 0 = -2*g + 6*g - z. Calculate the remainder when i is divided by g.
4
Let o(u) = u**2 + 7*u + 11. What is the remainder when 19 is divided by o(-6)?
4
Suppose -4 = l - 3*l - 2*d, -3*l + 8 = 2*d. What is the remainder when l is divided by 3?
1
Suppose 6*b + 126 = 228. Suppose 3*w - 94 = -1. What is the remainder when w is divided by b?
14
Let x = -4 - -9. Suppose -1 = r - 2*o - 15, 4*r + 2*o - 106 = 0. Let k = r + -11. Calculate the remainder when k is divided by x.
3
Let c = 83 + -56. Suppose 0 = 4*a - 8*a + 28. What is the remainder when c is divided by a?
6
Suppose 5*y - 18 = 2*y. Calculate the remainder when 27 is divided by 56/y - (-2)/3.
7
Let g be (3 + -2)/(1/(-5)). Let u = 34 + g. Calculate the remainder when u is divided by (2/(-4))/((-1)/30).
14
Let j = -35 + 62. Calculate the remainder when 105 is divided by j.
24
Let b = 34 + -54. What is the remainder when 10/b*(-135 - -1) is divided by 35?
32
Let k(n) = -4*n**2 + 6*n**2 - 2 - 3*n - 3*n. Let r be k(7). Let o = -33 + r. Calculate the remainder when 61 is divided by o.
19
Suppose 4*n + 0*n = 0. Suppose n = -4*y + 4 + 44. What is the remainder when y is divided by 7?
5
Suppose 2*d - 62 = -18. Suppose 3*a = 5*a + d. Calculate the remainder when 26 is divided by (-152)/(-11) - 2/a.
12
Let n(y) = -2 - y**3 - 3*y + 6*y - 3*y**2 - 2*y**2. Suppose -17*h + 16*h = 6. Calculate the remainder when 31 is divided by n(h).
15
Let a(i) be the second derivative of -i**5/20 - 2*i**4/3 + i**3 + 9*i**2/2 + i. Let t be a(-8). What is the remainder when 26 is divided by t/(-4) + 6/(-8)?
8
Let q be (-2)/(-8) - (-52)/(-16). Let j(n) = -n**3 - 3*n**2 - 3*n - 3. Let v(b) = -5*b - 10. Calculate the remainder when v(-5) is divided by j(q).
3
Let a be (4/(-6))/((-4)/18). Suppose 8*h - a*h - 5 = 0. Calculate the remainder when 0 + (3/h - -38) is divided by 14.
13
Let j(a) = 2*a**3 - 16*a**2 + 3*a + 10. Calculate the remainder when 169 is divided by j(8).
33
Let r = -8 + -1. Let b = 14 - r. What is the remainder when b is divided by -2*(-7)/2 + 1?
7
Let k(h) = h**2 + 8*h. Let z be k(-8). Suppose -3*u - u - 2*g + 18 = z, -5*u = -2*g - 36. What is the remainder when 11 is divided by u?
5
Calculate the remainder when (-4)/(8/(-114)) - -3 is divided by 21.
18
Let q = -17 + 21. Let v(s) = -s**2 + 9*s - 4. What is the remainder when v(7) is divided by q?
2
Let n = -5 + 8. Suppose 26 + 16 = n*k. Calculate the remainder when 55 is divided by k.
13
Suppose 2*j = -0*j + 40. What is the remainder when j is divided by 7?
6
Suppose 0 = 4*r - 12. Suppose -2*o + 40 = r*o. Suppose 16 = 3*a - 53. What is the remainder when a is divided by o?
7
Let i(f) = f**2 - 4*f - 2. Let r be i(4). Calculate the remainder when 31/(-2)*r - 3 is divided by ((-4)/10)/((-1)/25).
8
Let k = -31 - -43. Suppose 0 = o + 3 + 1. Let i(x) = x**2 - 4*x + 3. What is the remainder when i(o) is divided by k?
11
Suppose 4*x - 2*f = 74, 35 = 4*x - 4*f - 37. What is the remainder when 73 is divided by x?
16
Let i = 12 + -19. Let f(p) = 8*p + 6 + 4*p**2 - 3*p**2 - 2*p. What is the remainder when 25 is divided by f(i)?
12
Suppose 0 = 4*g + l - 276, -3*g + 2*l = 4*l - 212. Calculate the remainder when g is divided by 18.
14
Let c = -5 - -31. What is the remainder when c is divided by 14?
12
Suppose -3*o = -o - 34. Let w(l) = -l**3 - l**2 - 2*l + 49. What is the remainder when w(0) is divided by o?
15
Suppose 5*n + m = 46, 8*n - 3*m - 62 = 3*n. Calculate the remainder when ((-136)/n)/((-4)/10) is divided by 7.
6
Suppose -6*s + s - 25 = 0. Let u = 12 - s. Let b(l) = 11*l + 5. What is the remainder when b(4) is divided by u?
15
Let a = -54 + -16. Let o(b) = -2*b**3 - 12*b**2 + 10*b - 2. What is the remainder when o(-7) is divided by a/(-8) + (-1)/(-4)?
8
Suppose 23*t = 27*t - 192. Calculate the remainder when t is divided by 26.
22
Let a(x) = -x + 3. Let c be a(2). Calculate the remainder when c - 2 - (-47 + 0) is divided by 12.
10
Suppose 5 = -3*k + 14. Let u = 19 - 15. What is the remainder when u is divided by k?
1
Let c(g) = g**3 - 3*g**2 - 5*g + 3. Calculate the remainder when 110 is divided by c(5).
26
What is the remainder when 3 + 0/1 - -73 is divided by 11?
10
Let b = -1 + 6. What is the remainder when 12 is divided by b?
2
Suppose -6*j + 68 = -4*u - 4*j, -3*u - j - 61 = 0. Calculate the remainder when ((0 - 1)*u)/1 is divided by 11.
8
Suppose 5*w + 17 = -4*z, -3*z + 4*w + 28 - 2 = 0. Suppose 0 = -z*f + 32 + 12. What is the remainder when 43 is divided by f?
21
Let u = 163 + -146. What is the remainder when (-2 - (-35)/2)*2 is divided by u?
14
Suppose 3*m - 2*r = 333, -4*r + 222 = 7*m - 5*m. What is the remainder when m is divided by 19?
16
Let l be 82 + ((-2)/(-2) - 1). Suppose -5*p + 106 = -w, -2*p + 2*w = -6*p + l. Let s(m) = -5*m - 9. Calculate the remainder when s(-10) is divided by p.
20
Suppose s = 2*g - 11, -4*g + 3*s - 5*s + 10 = 0. Let l(y) = 20*y + 10. Let n be l(-7). Calculate the remainder when n/(-18) + 10/(-45) is divided by g.
3
Let h(o) = 7*o**2 - 1. What is the remainder when 16 is divided by h(1)?
4
Suppose -3*w - 36 = -o + w, 2*o = -5*w + 85. Calculate the remainder when 117 is divided by o.
37
Calculate the remainder when 100 + (0/2 - -1) is divided by 26.
23
Let c = -1 + 63. Suppose 5*p - 44 = p - 4*n, 5*p - 2*n - c = 0. What is the remainder when 23 is divided by p?
11
Let m(f) = 2*f + 24. Let l be m(-11). Suppose 4*i - u - 15 = 0, -1 + 4 = -u. Suppose 0 = -5*r + l*r + i. What is the remainder when r is divided by 1?
0
Let m(c) = 40*c**3 + 2*c - 1. Let z be m(1). Let i = z + -14. Calculate the remainder when i is divided by 14.
13
Calculate the remainder when 3/(1/(0 - 5/(-5))) is divided by 3.
0
Suppose -3*y = u - 37, 5*u = 3*y + u - 62. Suppose 0 = -7*s + 3*s + 80. Suppose s = 3*i + i. What is the remainder when y is divided by i?
4
Suppose -4 = -2*h, 4*g - 50 - 30 = 2*h. What is the remainder when 60 is divided by g?
18
Let v be (2 + -1)*1/(-1). Let g be v/(-1) + 1*4. Suppose 0*b + g = b. What is the remainder when 14 is divided by b?
4
Suppose 2*d = 3*r - 7, -2*d = -4*r - 3 + 15. Calculate the remainder when 9 is divided by d.
1
Suppose 21 = g - 20. Suppose -40 - 44 = -6*f. What is the remainder when g is divided by f?
13
Let d = 78 + -60. What is the remainder when 52 is divided by d?
16
Suppose -2*m + 9 = m. Calculate the remainder when 2*2*((-7)/14 - -3) is divided by m.
1
Let t = 197 + -88. Suppose 5*j - 4*i + 0 - 160 = 0, j + i - 23 = 0. What is the remainder when t is divided by j?
25
Let u(r) = -2 + 4 + 34*r + 1 - 4. Calculate the remainder when u(1) is divided by 17.
16
Suppose -3*h + 0*h - 9 = 0. Calculate the remainder when h + 30 + 0 + -3 is divided by 9.
6
Suppose -304 = -2*s - 24. Calculate the remainder when s is divided by 48.
44
Let u(n) = n**2 - 9*n - 32. What is the remainder when 58 is divided by u(13)?
18
Let w = 10 + -9. Let h(y) = -y**3 - 3*y**2 - 4*y - 3. Calculate the remainder when w is divided by h(-2).
0
What is the remainder when 25 is divided by -1*14/(-2)*1?
4
Suppose 3*g + 79 + 67 = 4*y, 0 = 5*y - 2*g - 179. What is the remainder when y is divided by 13?
9
Let k(n) = 6*n**3 - n**2 - n + 2. Let u(m) = 3*m**2 - m. Let z be u(1). Calculate the remainder when k(z